o) is divided by 24?
20
Suppose 4*y + 46 = p, 5*y + 101 + 39 = 4*p. What is the remainder when 1879 is divided by p?
19
Let d(t) = 22*t + 236. Let r be (33/21 - 2) + (-276)/42. Calculate the remainder when d(r) is divided by 43.
39
Suppose n + 4 = 3*s, 6*n - 22 = 7*s - 12*s. Suppose -25*c = n*i - 26*c - 25, 0 = 5*i + 3*c - 46. Calculate the remainder when 62 is divided by i.
7
Let u = -536 - -640. What is the remainder when 207 is divided by u?
103
Suppose 0 = 5*s - 2*c - 10, 3*c = 4*s - 2*c + 9. Suppose -s*h + 25 + 77 = 5*v, 0 = 3*v + h - 64. What is the remainder when 77 is divided by v?
11
Suppose -5*g - 3*f = -649, 3*g - 2*f + 0*f - 397 = 0. Suppose -12*y = -g - 565. Calculate the remainder when y is divided by 15.
13
Let m(l) = l**2 - 28*l - 121. Calculate the remainder when 1044 is divided by m(-7).
52
Let d be (-2*(-104)/(-16))/(1/(-16)). Let z = -161 + d. What is the remainder when 74/(5*(-2)/(-25)) is divided by z?
44
Let a(l) = 31*l + 335. What is the remainder when 353 is divided by a(-9)?
17
What is the remainder when 3481 is divided by 10 + (-20 - -15) - (-1 + -75)?
79
What is the remainder when (1 - -359)/(6/57) - 2 is divided by 11?
8
Let i(h) = -h**2 - 35*h + 8. Calculate the remainder when (-3 + 3 - 4 - -2) + 127 is divided by i(-34).
41
Let l = 10275 - 10254. Calculate the remainder when 471 is divided by l.
9
Suppose 71*o + 20 = 81*o. Suppose -77 = -5*z - o*n, 16 = -2*z - 4*n + 50. Calculate the remainder when 87 is divided by z.
12
Let p = -5205 + 7740. What is the remainder when p is divided by 69?
51
Let h(a) = -7*a - 16. Suppose -5*v - 10 - 35 = 0. Let y(d) = 48*d**2 + 5*d + 3. Calculate the remainder when y(-2) is divided by h(v).
44
Suppose 30*c + 17 + 2618 = 115*c. What is the remainder when 26502 is divided by c?
28
Let i = -9123 - -9445. Let w(h) = -h**3 + 13*h**2 + 16*h - 10. Calculate the remainder when i is divided by w(14).
16
Let n = -104 - -110. Let y = -1 + n. Suppose -6 = y*t + 4*k, t - 15 = 5*k + 7. What is the remainder when 11 is divided by t?
1
Suppose 7*g + 19*g - 6057 = 1509. Calculate the remainder when g is divided by 15.
6
Suppose 0 = -109*v + 58 + 2340. What is the remainder when 124 is divided by v?
14
Let p(t) = -4*t**3 + 173*t**2 - 47*t + 180. Calculate the remainder when 420 is divided by p(43).
4
Let l = 1 - -2. Suppose 2*t + 3*o + 9 = 4*t, 0 = -l*t - 5*o + 42. Calculate the remainder when t is divided by (-70)/5 + (-34 - -52).
1
Let i(b) = b**2 + 5*b - 73. Let n be i(-19). Let l = 266 - n. Calculate the remainder when l is divided by 26.
21
Let m be (-64)/(-6)*(-27)/(-18). Let x(b) = -b**3 + 15*b**2 + 19*b - 12. Calculate the remainder when x(m) is divided by 25.
11
Let a = 5998 + -5943. Calculate the remainder when 97 is divided by a.
42
Let y(s) be the second derivative of -s**5/20 + 5*s**3/3 + 8*s**2 - 9*s + 3. What is the remainder when 2*1 - (-31 + -5) is divided by y(-3)?
12
Let z be (-3)/15 - 14/5. Let l(p) = 9*p**2 + 2*p. Calculate the remainder when l(z) is divided by 20.
15
Suppose -165*c + 169*c = 20. Suppose -c*b - 162 = -7*b. What is the remainder when b is divided by 29?
23
Let l = 56 + -52. Suppose 5*p - p + 4*t - 4 = 0, -36 = -4*p + l*t. Suppose 0 = f - 4, 6 - 43 = -p*m - 3*f. Calculate the remainder when 17 is divided by m.
2
What is the remainder when 4748 is divided by (-160)/30*(-162)/8?
104
Suppose -2*s - 5 - 265 = 0. Let r = -97 - s. What is the remainder when 75 is divided by r?
37
Let g be -4 + 2 + (-4 - -2). Let w be 2 + 0 - (5 + g). What is the remainder when (-1)/w - (-165)/11 is divided by 4?
2
Suppose -54*m = -40*m + 126. Calculate the remainder when 104 is divided by (-4 - 44/(-8))*(-240)/m.
24
Suppose -828 = -5*y - c, -4*y + 878 = c + 216. Suppose 0 = 4*o + 2*x - 108, -52 - 2 = -3*o + 3*x. Calculate the remainder when y is divided by o.
22
Calculate the remainder when (2 + 6/(-4))*(-11)/((-176)/3040) is divided by 61.
34
Let z be ((-58)/290)/((-1)/5). Suppose -4*h + 98 = 2*k - 44, h - 13 = -5*k. Let l = h + z. Calculate the remainder when l is divided by 7.
4
Suppose -17*o + 19*o = -12. Calculate the remainder when (-6)/(-9)*846/4 is divided by 4/o*3*-18.
33
Let i = 652 - 634. What is the remainder when 1704 is divided by i?
12
Let n be (-3)/15 - (0 - (-4557)/15). Let x = n + 181. Let j = x + 125. Calculate the remainder when 3 is divided by j.
1
Let c = -13159 + 13167. Calculate the remainder when 63 is divided by c.
7
Let l(v) = -2*v**3 + 32*v**2 - 23*v + 4. Calculate the remainder when l(15) is divided by 35.
4
Let x = 18 + -14. Suppose -9*f - x = 86. Calculate the remainder when 25 is divided by ((-140)/50)/(2/f).
11
Suppose 1369*c - 1724 = 1365*c. Calculate the remainder when c is divided by 429.
2
Let k = 1359 + -1004. What is the remainder when k is divided by 99?
58
Suppose -14*v + 10 = -19*v. Calculate the remainder when (-1)/(-5*v/10)*-64 is divided by 22.
20
Let z be 6/15 - (-5152)/(-80). Let q = z + 93. Calculate the remainder when 64 is divided by q.
6
Let v = -40 - -52. Let x(q) = q**3 - 9*q**2 + 42*q - 443. Calculate the remainder when x(10) is divided by v.
5
Let w(m) be the second derivative of -7*m**4/12 - 25*m**3/6 - 9*m**2/2 - 327*m. Calculate the remainder when 57 is divided by w(-3).
0
Let b = -5379 - -5410. What is the remainder when 2075 is divided by b?
29
Suppose -39*f = -36*f - 51. Suppose 2*c + 4*g - 55 = 27, 4*g + f = c. What is the remainder when c is divided by 3?
0
Let v = 5874 - 5838. What is the remainder when 2984 is divided by v?
32
Suppose -270*i = -269*i - 158. Suppose -4*z = -10 - i. Calculate the remainder when 544 is divided by z.
40
Suppose 0 = -5*z - 2*o + 15, 3*z - 7*o + 9*o = 9. Suppose -4*c + 4*q + 232 = 0, -c = -3*c + z*q + 112. Calculate the remainder when c is divided by 24.
14
Suppose -337 = -19*q + 727. What is the remainder when -5 + (-7)/(q/(-640)) is divided by 6?
3
Suppose 6*j = 11*j - 2830. Let h = -554 + j. What is the remainder when h is divided by -2 + 2 - (-7)/1?
5
Suppose -b = -3*q - 19, -9*b - 2*q = -4*b - 95. Calculate the remainder when 473 is divided by b.
17
Suppose -4*y - 2*u - 2*u = -24, -6 = 3*y - 5*u. Suppose -y*w + 226 = 49. Calculate the remainder when w is divided by 22.
15
Let t(x) = x**3 + 3*x**2 - 7*x - 3. What is the remainder when 10258 is divided by t(3)?
28
Let n(u) = 4*u - 3. What is the remainder when (-575)/20*24/(-30) is divided by n(2)?
3
Suppose -405 - 75 = -24*m + 12*m. Calculate the remainder when 439 is divided by m.
39
Suppose 0 = 53*n - 541 + 117. Let v = -15 + 19. What is the remainder when 2*(v - (-21)/2) is divided by n?
5
Calculate the remainder when -3507*(-19)/(-114)*(-9)/(-21)*-2 is divided by 39.
33
Suppose 2*k - 125 = f, -k - 5*f + 68 = -0*f. What is the remainder when 28 is divided by ((-819)/k)/(-1 + 0)?
2
Let p = 13875 + -13797. What is the remainder when 182 is divided by p?
26
Calculate the remainder when (4/3)/(4/330) is divided by (-3)/(1/10*30/(-8)).
6
Let q = 203 + 20. Let a = q - 216. Calculate the remainder when 25 is divided by a.
4
Let k(r) = -46*r - 2. Suppose 0 = -5*n + 5 + 5. Let s be (-1 - 0)*(n - 0). What is the remainder when k(s) is divided by 31?
28
What is the remainder when (1731/9 + 1 + 7)*3 is divided by 9?
7
Let d = -119 + 222. Suppose -6*r + 664 = -794. Calculate the remainder when d is divided by ((-4)/3 + 1)/((-3)/r).
22
Let h(o) be the second derivative of 2*o**3/3 + 3*o**2 - o. Let c be h(-2). Calculate the remainder when (18/4)/(111/54 + c) is divided by 21.
18
What is the remainder when (485/(-1))/(55/(-22)) is divided by 43?
22
Let o(g) = -g**2 + 10*g - 3. Let h be o(5). Suppose 4*s = a - 65 - h, s - 348 = -4*a. Calculate the remainder when 251 is divided by a.
77
Suppose 3*t + 23 = -i, 4*i - 20 = -0*t + 2*t. Let g(d) = d**3 + 7*d**2 - 7*d - 12. Let h be g(t). Let q = 3 - h. What is the remainder when 114 is divided by q?
22
What is the remainder when (-17 - -24) + -381*(-5)/15 is divided by -6*(17/(-2) + -3)?
65
Let b = 68 - 223. Calculate the remainder when 2*b/10*-1 is divided by 12.
7
Let i(h) = 26*h + 10. Let z be i(5). Let a = 245 - z. Calculate the remainder when a is divided by 9.
6
Let q(n) = -n**2 - 22*n + 170. Let m be q(-23). Suppose -141 = u - m. What is the remainder when 18 is divided by u?
0
Suppose -b + 191 =